t s = -480 + 333. Let q = s - -216. Calculate the highest common divisor of 46 and q.
23
Let s be 5/3*(-10 - -37). What is the greatest common divisor of s and 18?
9
Let i(f) = 2*f + 12. Let n be i(-6). Suppose -5*w + 2*w + 4*g + 24 = 0, n = 5*w + 2*g - 14. What is the greatest common factor of 4 and w?
4
Let b be (-112)/(-3) - (-2)/3. Suppose -c - 3*h + h = -51, 5*c - 282 = -h. Calculate the greatest common factor of b and c.
19
Let y = 51 + -31. Let v(d) = 14*d + 2. Let k(u) = u + 6. Let s be k(-4). Let x be v(s). Calculate the highest common divisor of y and x.
10
Suppose -3*z + 5*z - 18 = 0. Calculate the greatest common factor of 9 and z.
9
Suppose n + n - 10 = 0, 0 = 2*z + n - 15. Let g = z - 1. What is the greatest common divisor of 32 and g?
4
Suppose 123 = 5*w + 4*s, 0 = 3*w - 0*s + 5*s - 66. Suppose 18 = 3*l - w. Let b be (-446)/(-6) + 4/6. Calculate the greatest common divisor of l and b.
15
Suppose 5*i - 169 + 9 = 0. What is the highest common factor of i and 16?
16
Let u(i) = -2*i**3 - 12*i**2 - 11*i - 6. Let d be u(-8). Calculate the greatest common factor of 26 and d.
26
Let i = -15 - -21. Suppose -i*p + 275 = -p. What is the greatest common divisor of p and 11?
11
Let l be (-33)/(-7) - 4/(-14). Suppose 0 = 5*j - 5*f - 40, l*f = j - 3*j + 2. Let i = -25 + 49. Calculate the greatest common factor of i and j.
6
Suppose n - 80 = -l - 0*l, 0 = -3*l + n + 260. Let k = l - 22. What is the greatest common divisor of 9 and k?
9
Let a = 70 - 46. What is the highest common factor of a and 60?
12
Let p(x) = 3*x - 2*x - 2*x. Let k be p(-2). Suppose 0 = -k*o - a + 67, 2*o - a - 19 = 46. Calculate the greatest common divisor of o and 11.
11
Suppose 3*s - 38 = s. Let n = s - 36. Let g = -5 - n. What is the greatest common factor of g and 30?
6
Suppose 2*l - 5*l = -3*a - 396, 5*l - a = 672. What is the greatest common factor of l and 15?
15
Let c = 382 + -247. What is the greatest common factor of c and 27?
27
Let q(k) = -k**2 + 8*k - 3. Let m be q(5). Suppose 64 = m*j - 8*j. What is the highest common factor of j and 112?
16
Suppose 54 = 5*k + 2*b, 0 = -2*k + 6*b - 3*b + 33. Calculate the highest common divisor of k and 204.
12
Let t(q) = q**3 - 5*q**2 - 5*q + 5. Let c be t(4). Let u be -2*(0 + (-1)/(-2)) + 49. Let w = u + c. What is the highest common divisor of 85 and w?
17
Let n = 4 - -6. Let l(p) = p**2 - 2*p. Let h be l(0). Suppose h = -3*t + 12 + 3. What is the highest common factor of n and t?
5
Suppose 3*y = 2*y + 12. Let d(x) = -x**2 - 10*x + 12. Let s be d(-10). Calculate the highest common divisor of s and y.
12
Let m be 14/(-49) + 200/14. Calculate the highest common factor of 28 and m.
14
Let d(h) = h**3 - 11*h**2 + 14*h - 12. Let l be d(10). What is the highest common divisor of l and 28?
28
Let q(b) = -12*b - 6. Let x be ((-2)/4)/((-1)/26). Suppose 0 = -3*w - 2 - x. Let o be q(w). Calculate the highest common divisor of 36 and o.
18
Suppose -5*v = 5*y - 95, -5*v + v + 3*y + 69 = 0. What is the highest common divisor of 2 and v?
2
Suppose 4*k - 5*n - 470 = -k, 4*n = k - 103. What is the greatest common divisor of k and 13?
13
Suppose 20 = -19*l + 20*l. Suppose 24 = w + 2*w. What is the highest common divisor of l and w?
4
Let i = -6 - -16. Let f be 10/(-4)*(-38 - -5 - -5). Calculate the highest common divisor of f and i.
10
Suppose -4*y = -3*a, 4*y - 16 = -0*a - a. Let h be (y - 2) + 5*1. Calculate the greatest common divisor of h and 12.
6
Let g = 96 + -91. What is the highest common divisor of 25 and g?
5
Let u be (-7 - -1)*-4 - 0. Calculate the highest common factor of u and 72.
24
Suppose -7 = 3*f - 4. Let m be f/3 + 48/9. What is the highest common factor of m and 20?
5
Let a = -186 - -234. Calculate the greatest common divisor of 3 and a.
3
Let w = 35 + -30. What is the greatest common divisor of w and 5?
5
Let a(p) be the third derivative of p**5/30 + p**4/24 - p**3/6 + p**2. Suppose 0 = -4*x + 4. Let d be a(x). Calculate the highest common divisor of d and 3.
1
Suppose 16 = 4*c - 0*d + 4*d, 3*d + 24 = c. Let x(g) = -g**3 + 9*g**2 + 1. Let o be x(7). Calculate the highest common factor of o and c.
9
Let f(r) = r**2 + 8*r + 9. Let u be f(-7). Let h be u/(-6) - 31/(-3). Calculate the greatest common factor of h and 10.
10
Let f be (-1157)/(-52) - 1/4. What is the highest common divisor of 154 and f?
22
Let z(v) = 6*v**2 + 7*v - 1. Let b be z(5). Let l(p) = -3*p - 3*p**3 + p**2 + 4*p**3 + 1 + 2*p**3. Let y be l(2). What is the greatest common factor of y and b?
23
Let b(p) = p**2 - 4*p + 9. Let o be b(7). Let w = -17 + 10. Let g = 17 + w. What is the highest common divisor of g and o?
10
Let p be (3/2)/(3/6). Suppose -p*a + 2 = -4. Let t = 8 + a. What is the greatest common factor of 15 and t?
5
Suppose -r - 12 = -4*r, 22 = 3*j + r. What is the greatest common divisor of j and 6?
6
Let t(n) = 4*n + 4. Let f be t(9). Calculate the highest common divisor of 10 and f.
10
Suppose -38 = -5*a + 2. Let k(q) = 3*q + 6. Let n be k(-4). Let d be (-334)/n + 2/6. What is the greatest common factor of d and a?
8
Suppose 4*r - 304 - 96 = 0. Let k = -19 + r. What is the highest common divisor of k and 9?
9
Suppose -964 = -7*t - 327. Calculate the highest common divisor of t and 26.
13
Suppose 2*p = 7*p - 320. Suppose -4*n + 4*g + p = 0, -g - 18 = -n + g. Calculate the highest common divisor of 154 and n.
14
Suppose 0 = 3*g + 2*f - 177 - 285, 2*g + 5*f - 319 = 0. What is the greatest common divisor of g and 19?
19
Let w = 8 - 7. Suppose -t = 3*j + 79, -141 = 8*j - 3*j + 4*t. Let r = -16 - j. Calculate the highest common divisor of w and r.
1
Let i = 32 - 9. What is the greatest common factor of i and 253?
23
Let p = -3 + 1. Let b = 4 + p. Suppose b*s - 94 = -2*a, 5*s - 12 = a - 47. Calculate the greatest common factor of a and 18.
9
Let l = -2 + -2. Let r(f) = -2*f**3 - 3*f**2 + 3*f - 3. Let g be r(l). What is the highest common divisor of 26 and g?
13
Let p = 61 - 46. What is the highest common factor of p and 15?
15
Suppose -5*q = 5*o - 490, 0 = 5*o - 4*q - 407 - 56. Calculate the highest common divisor of o and 38.
19
Let i = 26 + -5. Calculate the greatest common factor of i and 42.
21
Let u = 68 + -37. What is the greatest common factor of u and 279?
31
Let q be 1/(3*1/9). Let r be (-3)/(q/(-14)*1). What is the greatest common factor of 35 and r?
7
Let r be 1 + 36 - 4/4. Calculate the highest common divisor of r and 12.
12
Let f(q) = q**3 - 2*q**2 + 7*q + 3. Let p be f(4). What is the highest common divisor of 18 and p?
9
Suppose -5*x + 71 = -4. What is the greatest common divisor of 45 and x?
15
Suppose 4*y = 4*j - 52, -3*y - 2*y + 4*j - 62 = 0. Suppose -i + 9 = -11. Let r = y + i. What is the greatest common divisor of 40 and r?
10
Suppose -11*i + 77 + 308 = 0. Calculate the greatest common divisor of i and 21.
7
Let v be 1*12/14*35. Suppose -i - 4 = -0*i - 3*m, -2*m = -3*i + 2. Let l = 8 - i. What is the greatest common factor of l and v?
6
Suppose -f + n - 3*n = -48, -3*f + 129 = n. What is the greatest common divisor of f and 63?
21
Suppose 66 = 2*c + 3*c - 4*x, c = -3*x - 2. Suppose 0 = 3*o + 8 + 10. Let k(i) = i**2 + 5*i - 1. Let s be k(o). What is the highest common divisor of s and c?
5
Let w = 175 + -111. Calculate the greatest common divisor of 8 and w.
8
Let b = -46 + 91. Suppose 3*p = -3*y + 66, -2*y - y + 4*p = -b. Calculate the highest common divisor of y and 19.
19
Let d(w) = -w**3 - 7*w**2 - 3*w - 9. Let l be d(-7). Let k = l - 8. What is the greatest common divisor of 24 and k?
4
Suppose 2*q = g + 112, q = -4*q - 2*g + 289. Let y = 95 - q. What is the highest common divisor of y and 19?
19
Let b be ((-2)/5)/(1/(-35)). Let c = -4 - 5. Let o be (-216)/c + (-3)/1. Calculate the greatest common divisor of o and b.
7
Suppose -2*t + 26 = -8. Calculate the greatest common divisor of t and 34.
17
Suppose -5*g + 42 = 5*t - 168, g - 174 = -4*t. Let x(s) = -s - 8. Let w be x(-12). Calculate the greatest common divisor of w and t.
4
Suppose -2*n + 9 = 1, -11 = r - 4*n. Suppose 3*t + 139 = -r. Let y = t - -67. Calculate the highest common divisor of 57 and y.
19
Suppose 2*q + t = 341, -2*q - 855 = -7*q - 5*t. Suppose -q + 404 = o. What is the greatest common divisor of 26 and o?
26
Suppose -84 = -2*z - 2*z. Let d(f) = f**3 + f